 k?
8
Let j(x) = -x**2 + 4*x - 2. Let k be j(1). What is the greatest common divisor of k and 1?
1
Suppose 157 = 5*f + 7. Suppose 2 = -z + 3*l, 2*l - l + 26 = 3*z. What is the highest common factor of f and z?
10
Let d = 10 - 7. Let p be (-1 - -3)*(d - -1). Let x = -7 - -11. What is the greatest common factor of x and p?
4
Suppose 3*w = 4*v + 10, 3*w - 3*v - 14 = -5. Suppose -w*x = x - 24. Calculate the highest common factor of 24 and x.
8
Let b = 3 - 6. Let c be (-3)/18*b*4. Calculate the highest common divisor of 14 and c.
2
Let l = 108 - 43. Suppose 0*p + 5*p = l. Suppose 3*r = 2*a + 45, -4*a + 1 = 3*r - 26. What is the greatest common divisor of p and r?
13
Let t be -16*-5*(-2)/(-8). Calculate the highest common factor of t and 30.
10
Let o = -1 + 2. Calculate the greatest common divisor of 2 and o.
1
Suppose -b + 5 + 3 = 0. Let d be (-3 - -38) + 20/4. What is the greatest common factor of b and d?
8
Let a(d) = d + 4. Let f(h) = 4*h**2. Let k be f(1). Let r be a(k). What is the highest common factor of 72 and r?
8
Suppose -3*h - h - 4*v = -68, -2*v = -5*h + 50. What is the greatest common divisor of 96 and h?
12
Let c be 0 + -2 - (4 + -33). Suppose 5*n + 7 = c, 3*t = 3*n + 60. Calculate the highest common factor of 8 and t.
8
Let n = 18 + 32. Let c = 30 + n. Let p(f) = -f**2 - 8*f + 9. Let a be p(-7). What is the greatest common divisor of c and a?
16
Suppose b - 3 = -0*b. Calculate the highest common divisor of b and 24.
3
Suppose 4 = g - 2. Let p be (-2 - (-6)/9)*g. Let v be (-2)/p - 236/(-16). Calculate the highest common divisor of v and 165.
15
Suppose -t - o = -3, 1 = -7*t + 6*t + o. Suppose c + 6 = -0. Let f = -4 - c. What is the highest common factor of t and f?
1
Let r = -32 + 34. Calculate the greatest common divisor of r and 18.
2
Suppose v + 4*f + 4 = -4, 5*f + 10 = -v. Suppose 130 = -v*m + 2*m. What is the highest common divisor of 13 and m?
13
Let q(y) = 2*y - 12. Let m be q(8). Let f be (m + 1)*(-1 - -2). Calculate the highest common divisor of 1 and f.
1
Suppose -10 = 4*t - 2*j, j = -t - j + 5. Let k be 5/5*(0 - t). Calculate the greatest common divisor of 3 and k.
1
Let o = 5 - -6. Let y = -3 + -4. Let s(j) = 3*j**2 + 5*j + 9. Let u be s(y). Calculate the greatest common divisor of o and u.
11
Let q be ((-874)/76)/(2/4*-1). Calculate the highest common divisor of q and 23.
23
Suppose -v + 5 = -28. Let p = -26 + 48. Calculate the greatest common factor of p and v.
11
Let g = -5 + 6. Let i be (3/6)/(g/(-4)). Let s be (3/(-4))/(i/16). What is the highest common divisor of 4 and s?
2
Let o = -90 + 129. Calculate the highest common factor of 39 and o.
39
Let z = 47 - 19. What is the highest common divisor of 21 and z?
7
Let i(q) = 3*q**2 + 6*q + 1. Let r be i(-3). What is the highest common factor of r and 80?
10
Let c be (5 - -1)*(-2)/(-2). Suppose -35 = -5*j + i, -4*j + 22 = -2*j - 2*i. Suppose -3*n - 144 = -j*n. Calculate the highest common factor of c and n.
6
Let h(s) = -s**3 + 13*s**2 + s - 11. Let c be h(13). Calculate the highest common factor of 3 and c.
1
Let m be (-770)/(-6) - (-2)/(-6). Let g be 2*(48/18)/((-1)/(-3)). What is the greatest common divisor of g and m?
16
Let v be (75 - -2)/(1/3). Suppose v = 5*j - 2*j. What is the greatest common divisor of j and 11?
11
Let t(i) = i + 3. Let r be t(5). Let c = r - 3. Suppose 0 = c*k + 4*s - 84, -2*s + 12 = -0*k + k. Calculate the highest common divisor of 140 and k.
20
Suppose 2*d - 27 = -3*y - 3*d, 2*d = -2*y + 14. Let n be 220/35 + y/(-14). What is the highest common divisor of 9 and n?
3
Let a(h) = 9*h**2 + h + 1. Let d be a(3). Calculate the highest common divisor of 17 and d.
17
Let i(p) = -p**3 + 6*p**2 - 3*p + 4. Let y be i(4). Let f = -10 - -6. Let m be (1 + -9)/f - -58. What is the greatest common divisor of m and y?
12
Let a(s) = -s + 20. Let p be a(8). What is the greatest common factor of p and 12?
12
Let y be (9/(-3))/((-6)/662). Let w = 637 - y. Calculate the highest common divisor of w and 34.
34
Suppose 3*o + 15 = 4*o. What is the highest common factor of 30 and o?
15
Suppose 9*o = 2*o + 21. Calculate the highest common factor of o and 12.
3
Let u(j) = -8*j**2 + 28*j - 24. Let y(g) = 2*g**2 - 7*g + 6. Let w(i) = 2*u(i) + 9*y(i). Let c be w(4). Calculate the greatest common divisor of 20 and c.
10
Let z(g) = -g**2 - 7*g - 2. Let j be z(-3). Let k = j + 50. Calculate the highest common factor of k and 24.
12
Suppose 32 = 4*i - v, 0 = 2*v - 7 - 1. What is the highest common factor of 36 and i?
9
Let w = 583 - 275. Calculate the greatest common divisor of 28 and w.
28
Let c(p) = -p + 21. Let u be (-10)/(-15) + 4/(-6). Let h be c(u). Let s be (-1)/2*1*-14. Calculate the highest common factor of s and h.
7
Suppose 0 = -4*u + 4. Let d be 8 + (0 - u - 0). Calculate the greatest common divisor of d and 21.
7
Let y(s) = s + 2. Let o be y(-4). Let t = o - -4. Suppose t*x - 5*x = -18. What is the greatest common divisor of 2 and x?
2
Let t(d) = d**2 - 3*d + 3. Let q be t(6). Calculate the highest common factor of 21 and q.
21
Let f = -202 + 290. Suppose m = h - 14, -m + f = 5*h - 0*m. What is the greatest common divisor of 68 and h?
17
Suppose -i - 2*i = -363. Calculate the highest common factor of i and 11.
11
Let w = -232 - -332. What is the highest common factor of 20 and w?
20
Let k be 3*8/20*30. Suppose -2 = -3*o + 10. Calculate the highest common divisor of o and k.
4
Let a = 2 + -4. Let t be (-5)/a*8/10. Suppose 0*b = -t*b + 26. Calculate the greatest common factor of 13 and b.
13
Suppose 4*z = 3*z + 3, 5*d = -3*z + 14. Let r = 23 - 19. Suppose d - 5 = -r*x. What is the greatest common divisor of x and 3?
1
Let f(o) = -2*o. Let w be f(-4). Suppose -h = -3*h + w. Suppose -3*v = -h*v + 5. Calculate the highest common factor of v and 40.
5
Let s = -149 + 156. Suppose -2*q + 4*q = 42. What is the greatest common factor of q and s?
7
Suppose -3*u = -7*u. Suppose 5*i - 10 + 0 = u. Calculate the greatest common divisor of i and 16.
2
Suppose 5*c - 29 - 1 = 0. Let x = c - 3. Suppose u = -5*o - 17, 4*u - x*o = 28 + 19. What is the highest common factor of 32 and u?
8
Suppose -4*b - 10 = 4*c - 2, -b - 14 = -3*c. Suppose 0 = -c*p + 15, 3*h - 51 = -4*p + p. Calculate the highest common divisor of 6 and h.
6
Let k = -7 + 16. Calculate the greatest common divisor of k and 9.
9
Let w be 812/70 - (-6)/(-10). What is the highest common divisor of 88 and w?
11
Let q = -34 - -46. Calculate the highest common factor of q and 3.
3
Let n be (-6)/(-15) + 43/5. Let x(y) = -y**2 - 17*y + 9. Let v be x(-8). What is the greatest common divisor of v and n?
9
Suppose -2*n + o + 3*o = -14, -5*n + 70 = -3*o. What is the highest common divisor of 170 and n?
17
Suppose 7*x = 12*x - 925. Calculate the highest common factor of x and 37.
37
Suppose -1 = -i + 86. Calculate the greatest common divisor of 116 and i.
29
Let x be 7/(147/162) + (-12)/(-42). What is the highest common factor of 28 and x?
4
Suppose -5*a - 6*a = -22. Calculate the greatest common factor of a and 10.
2
Let f = 6 + -4. Let g be (4 + f)*(-10)/(-4). Let t be ((-126)/g)/((-3)/60). Calculate the highest common factor of t and 21.
21
Suppose -3*y - 5*c = 5, 2 + 25 = 3*y - 3*c. What is the greatest common divisor of y and 35?
5
Let t(m) = -m**3 + 11*m**2 - 5*m - 11. Let p be t(10). What is the highest common factor of p and 13?
13
Let w(f) = 5*f - 3. Let u(p) = -11*p + 7. Let c(l) = 6*u(l) + 13*w(l). Let n be c(-7). What is the highest common factor of n and 40?
10
Suppose 92 - 260 = -4*r. Suppose -5*s = r + 18. Let g be (-2)/s + 140/24. What is the greatest common factor of g and 6?
6
Let q be (5 + 1)/(-3)*-8. Suppose 2*z - 7*z + 200 = 0. What is the greatest common factor of q and z?
8
Let x = 33 + 18. Suppose -5 - 12 = -t. What is the greatest common divisor of t and x?
17
Let m(d) be the first derivative of -7*d**2/2 - 5*d - 3. Let v be m(-5). Calculate the highest common factor of 6 and v.
6
Let i(w) = w + 19. Let l be i(-9). Suppose -4 = 2*b - l. Suppose -4*p - b*a + 125 = 0, p - 3*a + 1 = 36. What is the highest common divisor of p and 8?
8
Let o = 10 - -1. What is the highest common divisor of 33 and o?
11
Let h(w) = -w + 3. Let n be h(-6). What is the greatest common factor of 54 and n?
9
Let s(x) = x + 11. Let r